 -3*y + 15. Let x(c) = 3*c + 1. Let i(a) = 8*a + 2. Let g(z) = i(z) - 3*x(z). Determine g(y).
-2
Let n(x) = -4*x + 3. Let b(a) = -7*a + 5. Let w(h) = 3*b(h) - 5*n(h). Let c(q) = -2*q + 21. Let u be c(10). What is w(u)?
-1
Let y(h) = -h**3 + 8*h**2 - 7*h + 2. Let q be y(7). Let n(u) = -u**2 - 2*u**q + 4*u + 2*u**2. Calculate n(3).
3
Let r(u) = -4 + 3*u + 4*u - u**2 - 2*u. Suppose -11 = -5*x + 4. What is r(x)?
2
Let o be (-1)/2 + (-18)/4. Let z(q) be the third derivative of q**4/24 + q**3/3 - q**2. Determine z(o).
-3
Let z(b) = -b**3 + 5*b**2 + 8*b - 7. Let h = 9 + -15. Let x be (-20)/(-3) + 4/h. What is z(x)?
5
Let x(u) = -u**3 + 0*u**3 - 2 + u + 3*u**2 - 2*u. Let z(n) = -2*n**2 + 4*n - 1. Let c be z(3). Let p = 9 + c. What is x(p)?
0
Suppose 3*z + 11 = 5. Let w(j) = -6*j. Give w(z).
12
Let r(v) = -v**3 + 3*v**2 - 3*v + 9. Let t(j) = -j**2 + j - 1. Let h(l) = -r(l) - 6*t(l). Suppose 0 = 2*m - 4*i, 35 = 4*m + 5*i + 87. Let g = m - -4. Give h(g).
-7
Suppose 0 = r - w + 2*w - 4, 5*w = 3*r + 28. Let y(d) = d**2 + d + 2. Give y(r).
2
Let x(b) be the first derivative of -19*b**4/4 + b**3/3 - b**2/2 - 18. Give x(1).
-19
Let o(r) = r**2 + 3*r + 2. Let y(x) = -2*x - 7. Let h be y(-5). Suppose s + l = h, l = s - 0*l - 1. Suppose -c + 3 + 2 = -s*a, 4*c + 10 = -2*a. What is o(a)?
2
Let i(n) be the third derivative of -1/60*n**5 + n**2 + 0*n + 1/6*n**3 + 0 - 5/24*n**4. Let o = 6 + -10. Give i(o).
5
Let k(m) = -4*m**3 + 6*m**2 - 5*m + 1. Let d(c) = 5*c**3 - 7*c**2 + 6*c - 2. Let i(v) = 3*d(v) + 4*k(v). Determine i(2).
-2
Let r(p) = -5*p**2 - 5 - 4*p - p**2 + 11*p + 7*p**2. What is r(-7)?
-5
Let l(n) be the second derivative of n**5/20 + n**4/3 - 7*n**3/6 - 3*n**2/2 + 2*n. Let w = 0 - -2. Suppose -3*f = -w*s + 25, -f - s = -4*s + 20. What is l(f)?
7
Let l(z) be the third derivative of -z**7/840 + z**6/90 - z**5/24 + z**4/12 + z**3/2 + 2*z**2. Let h(o) be the first derivative of l(o). Determine h(3).
-4
Suppose 3*w = 3*a, 3 = 4*w - 4*a + 3*a. Suppose 2*v - v = 7. Let s = w - v. Let i(m) = -m - 5. Determine i(s).
1
Let m(q) = -2*q**3 - 3*q**2 + q + 1. Let c(r) = 5*r**3 + 6*r**2 - r - 3. Suppose 3*o = o + 6. Let x(s) = o*c(s) + 7*m(s). Calculate x(2).
2
Let g(f) = -f**2 - 4*f + 2. Suppose -z - 5*k + 4 = 20, 4*z - 4*k - 32 = 0. Let q = 80 + -54. Suppose -4*v - q = -2*i, 9*i = -3*v + z*i. Give g(v).
-3
Let b = 3 - 1. Let h = 27 - 20. Let t(v) = -1 + 0*v**3 - 2 + v**3 + 4*v**b - h*v. Give t(-5).
7
Suppose w = 2*w - 4*i + 11, -2*i + 9 = 3*w. Let x(m) be the first derivative of 11*m**4/4 - m**3/3 + m**2/2 - 1. Give x(w).
11
Let w(l) = -l + 7. Let h(x) = -3*x + 14. Let r(y) = -2*h(y) + 5*w(y). Give r(-3).
4
Suppose 0 = -5*o - 2 - 3. Let h(m) = 2*m + 1. Let z be h(o). Let n(w) = -2*w. Give n(z).
2
Let l(x) = -x**3 - 5*x**2 - 5*x - 1. Let t = 7 + 1. Let h be (t/4 - 4)*2. Calculate l(h).
3
Let z(c) = -5 - 11 + 18 + c. Calculate z(5).
7
Let j(f) = 5*f - 9. Let q(h) = 11*h - 18. Let z(n) = 5*j(n) - 3*q(n). Let t(l) = -4*l + 4. Let y(a) = 7*t(a) - 3*z(a). Determine y(3).
-11
Let o = -278/3 + 93. Let i(s) be the second derivative of 0 - s**2 - 1/12*s**4 - 2*s + o*s**3. Determine i(3).
-5
Let x(t) = 5 + 4*t + 0 - 9 + 0*t. Give x(3).
8
Let w(u) = u + 3. Let r be 3*-1 - -1 - -2. Let b = r - -1. Suppose 0 = 4*f - 5*x + 26, 3*f + 4*x + 3 + b = 0. Determine w(f).
-1
Let a be (-20)/(-5) + -3 + 4. Let r(o) = -o**3 + 7*o**2 + 5*o + 6. Let s(b) be the third derivative of -b**5/60 + b**2. Let n(w) = r(w) + 3*s(w). What is n(a)?
6
Let a(q) = -5*q**2 + 4*q + 9. Let r(v) = -v**2 + 1. Let u(c) = -a(c) + 6*r(c). Let l(x) = x**2 + 3*x + 3. Let h(t) = -3*l(t) - 2*u(t). Give h(0).
-3
Suppose -4*m + 27 = 7. Let t(h) = -h**3 + 6*h**2 - 5*h - 5. What is t(m)?
-5
Let t(y) = -y**2 - 5*y - 4. Let m be t(-3). Let b(s) be the third derivative of -s**5/60 - s**4/12 - s**3/6 + 6*s**2. Calculate b(m).
-9
Let x(u) = 3*u + 2. Let j(v) = 4*v + 3. Let k(o) = 5*j(o) - 7*x(o). Let m be 12/54 - (-14)/18. Let b = m - -4. Determine k(b).
-4
Suppose 5*u - 2*u = -b + 5, -u - 4*b - 2 = 0. Suppose 5*z - 45 = 5*v, 5*z - 16 = 2*v + 14. Let n(s) = z + 2*s - u - 3. What is n(-1)?
-3
Let n(a) be the second derivative of a**3/6 - 2*a**2 + 6*a. Give n(-4).
-8
Let b(y) be the second derivative of y**4/12 - y**3/3 - 3*y**2/2 + 7*y. Give b(4).
5
Let n be 8/(-6)*(-3)/(-2). Let w be (-1 - 2)*n/(-3). Let l(u) = 12*u - 9. Let t(f) = f - 1. Let s(h) = -l(h) + 9*t(h). Give s(w).
6
Let n(r) be the first derivative of -r**6/360 - r**5/120 + r**4/8 + 2*r**3/3 - 5. Let z(t) be the third derivative of n(t). Calculate z(3).
-9
Let g(a) be the third derivative of a**6/120 - 7*a**5/60 + 5*a**4/24 + a**3/2 + 2*a**2. What is g(6)?
-3
Suppose -5*w = -7 - 3, 0 = -n + 2*w. Let k(i) = -7*i**3 - 12*i - 5. Let d(z) = -6*z**3 + z**2 - 11*z - 4. Let u(s) = -6*d(s) + 5*k(s). Calculate u(n).
-9
Let s = -2 + 5. Let n(h) = -4 - 2*h**3 - 3*h**s - 2*h - 2*h**2 + 6*h**3. Suppose 2*a - 2*w - 10 = 0, 3*w - 5*w + 11 = 5*a. Give n(a).
-1
Let v(m) be the first derivative of -m - 12 - 3/2*m**2. Let p be ((-1)/3)/((-1)/3). Determine v(p).
-4
Let h(p) = -5*p - 6. Let x(s) = -4*s - 5. Let i(y) = -3*h(y) + 4*x(y). Suppose 0 = -5*o + 3*o. Suppose -2*n - 9 + 17 = o. Calculate i(n).
-6
Let h be 26/8 - (-1)/(-4). Suppose -4*i + i + 15 = h*j, -4*j = -5*i + 7. Let v(n) be the third derivative of n**5/60 - n**4/8 - n**3/2 - 20*n**2. What is v(i)?
-3
Let q(y) = -y**2 - 6*y + 5. Let n = -48 + 42. Determine q(n).
5
Let x(l) = -l - 5*l - 6 + 0*l**2 - l**2. Let s(b) = b**3 - 6*b**2. Let m be s(6). Let q = -6 - m. Determine x(q).
-6
Let h(b) = -3*b**3 + b**2. Suppose -4*p + 6*p = 6. Let o(y) = y - 1. Let r be o(p). Let v be (-6)/4 + r/4. Give h(v).
4
Let n(i) = -2 + 0 - 6 + i**3 - 7*i + 5*i**2. Give n(-6).
-2
Let g be (-6)/(-9) - (-2)/6. Let u(a) = -9*a**2 + a. Calculate u(g).
-8
Let y(b) = 2*b - 5. Let g(q) = q**3 + 5*q**2 - 6*q + 5. Let x(d) = -d**2 + 3. Let i = 1 - -2. Let n be x(i). Let w be g(n). Give y(w).
5
Let p(q) = -q**2 - 9*q - 7. Let a(i) = -3*i**2 - 28*i - 22. Let s(k) = 2*a(k) - 7*p(k). Let w be s(-7). Let o(n) = -n**3 + 6*n**2 - 4*n - 5. Calculate o(w).
0
Let h(w) = 2*w - 1. Suppose -l - 3*l - 32 = 0. Let z be ((-12)/16)/((-1)/l). Let t(y) = -y**2 - 5*y + 3. Let u be t(z). What is h(u)?
-7
Let r = 4 - 2. Let q(m) be the second derivative of -m**3/3 + 3*m**2/2 + 5*m. What is q(r)?
-1
Let n = 108 - 117. Let j(t) = t - 1. Calculate j(n).
-10
Let l be (4/(-12))/((-3)/54). Let c(k) = k**3 + 0*k**2 - 2*k**2 + 3 - 5*k**2 + 7*k. Calculate c(l).
9
Let q(p) = 2. Let y(f) = 3*f + 9. Let t(o) = 4*q(o) - y(o). Suppose -2*l + 22 = 4*b, -19 = l - 5*b + 5. Determine t(l).
-4
Let z(n) = n**2 + 6*n. Let b(q) = -q**3 - 6*q**2 - 5*q - 6. Let h = -2 + -3. Let m be b(h). Determine z(m).
0
Suppose 3*c = -a + 8 - 41, 2*c = 3*a - 22. Let f = c - -6. Let r = 3 + f. Let n(k) = -k**2 - 2*k - 2. Give n(r).
-2
Let k(j) = -j**2 - 3*j - 1. Suppose -8*i + 10*i = 24. Let t = 9 - i. What is k(t)?
-1
Let f(v) = -v**2 + 5*v - 5. Let d(q) = -q**2 - 5*q + 10. Let x be d(-7). Let u = 5 + x. Let a be 1*6 - u/1. Give f(a).
-5
Let u be (8/(-6))/(2/(-3)). Let p(h) = -h + 4*h - u*h. Determine p(4).
4
Suppose 2*f + 2*f = -20. Let c(l) be the first derivative of -l**3/3 - 5*l**2/2 - 4*l + 1. Calculate c(f).
-4
Let d(r) = -7*r. Suppose -4*g + 3*g + 1 = 0. Give d(g).
-7
Suppose 0 = -3*l + 8*l - 5. Let s(g) = -7*g**3 + g**2. Give s(l).
-6
Let f(p) = p**3 - 2. Suppose 5*v - g = 9, -3 = -g - 2. Give f(v).
6
Let a(q) = -5*q**2 + 18*q + 7. Let v(y) = -2*y**2 + 6*y + 2. Let i(j) = -3*a(j) + 8*v(j). Give i(-4).
3
Suppose 4*d - 15 = -5*m, -7 + 1 = -2*m - 3*d. Let q(g) = -g**3 + 2*g**2 + 1. Determine q(m).
-8
Let s(p) = -29*p**3 - 10*p**2 - 10*p + 7. Let u(z) = -20*z**3 - 7*z**2 - 7*z + 5. Let o(f) = -5*s(f) + 7*u(f). What is o(-1)?
-5
Let o(l) = -1894 + 1894 + 2*l. What is o(-3)?
-6
Let y(f) = f**3 + 5*f**2 - 4. Suppose 41 = 4*d + 57. Give y(d).
12
Let k(r) = 6*r**2 - r - 2. Let f(a) = 5*a**2 - a - 2. Let g(z) = -7*f(z) + 6*k(z). Calculate g(-2).
4
Let d(j) = -j**2 - 4. Suppose 0 = 10*u + u. Give d(u).
-4
Let u(d) be the second derivative of -1/6*d**3 + 9/2*d**2 + 0 - 3*d. Give u(4).
5
Suppose -3*t + 2*u + 16 = -0*u, 4*u - 28 = -4*t. Let q(k) = k - 6. Give q(t).
0
Let v be (-10)/(-65) + (-119)/13. Let a be (-3)/(v/1